977 = 3*p - 2*m, 0 = 3*p - m - 4592. What is the thousands digit of p?
1
Let c = -298 + 348. Suppose c*j - 28*j - 3806 = 0. What is the tens digit of j?
7
Suppose -18*d + 19*d = 5*q - 17446, -10478 = -3*q - 2*d. What is the tens digit of q?
9
Suppose 2*y = -2*a - 12, -a + 46 = -4*a + 4*y. Let b = a + 13. What is the units digit of 79 - (2 - (4 + b + -4))?
0
Suppose -5 = 3*t + 2*t - 20. Let l(g) = 95*g - 3. Let h be l(3). Suppose t*u + 2*w - 456 + 13 = 0, 2*u - h = 2*w. What is the hundreds digit of u?
1
Suppose 17*w - 453616 = -57380. What is the tens digit of w?
0
What is the hundreds digit of 4102 - 32/8 - -10?
1
Let s(a) = a**2 + 20*a + 74. Let l be s(-14). Let h(b) = -24 + b**2 + 11*b**2 + 2*b**3 + 10*b - b**3. What is the units digit of h(l)?
6
Let f = -198 - -335. Suppose 10*s - 17 = -f. Let j(t) = t**3 + 14*t**2 + 14*t + 4. What is the hundreds digit of j(s)?
1
Suppose 5*o + 30113 = -4*m + 144046, -2*o = 6. What is the tens digit of m?
8
Suppose 5*z + 8335 = o - 0*o, 3*z - 41591 = -5*o. Let d be o/35 + (-8)/(-28). Let u = d + -143. What is the units digit of u?
5
Let m = -34 - -57. Let b = -17 + m. Suppose -b = -49*x + 47*x. What is the units digit of x?
3
What is the units digit of (-5 + 292/60 + 209390/(-75))*-10?
0
Let z = -30 - -32. Let d(g) = -g**3 + 6*g**2 - g + 6. Let f(r) = 2*r**3 - 5*r**2 + r - 7. Let a(o) = z*f(o) + 3*d(o). What is the units digit of a(-5)?
4
Let f be (-6)/(-5)*(-40)/(-12). Suppose -220 = -3*p - f*c, 4*c - 305 = -4*p + c. Suppose -2*x - 12 = -p. What is the units digit of x?
4
Let i = 84 - 82. Suppose 0 = b + 3, 4*r + 0*r + 2386 = i*b. What is the tens digit of 6/(-4)*r/69?
1
Let x(t) = 164*t**3 - 6*t**2 + 46*t - 165. What is the units digit of x(5)?
5
Let r(j) = 4*j**2 - 6*j + 6. Let z be r(1). Suppose -z*o + 3*i + 726 = -832, -o + 5*i + 398 = 0. What is the hundreds digit of o?
3
Suppose -9*f + 8 = -1. Let o be (69/6)/f + 12/(-8). Let d = 100 - o. What is the tens digit of d?
9
Suppose -18*r + 387740 = 10*r - 18*r. What is the thousands digit of r?
8
Let t = 215 - -56. Suppose t + 587 = 22*q. What is the tens digit of q?
3
Suppose 0 = a + 3*p + 39, -a + 186 = -5*a + 3*p. Let d = a - -367. What is the tens digit of d?
2
Let j(m) = -m**3 - 35*m**2 - 35*m - 21. Let c be j(-34). Let w(h) = 2*h**3 - 17*h**2 + 13*h + 41. What is the units digit of w(c)?
1
Let r be (-28 - -50)/(0 + 2). Suppose 20*h - 26877 = -r*h. What is the tens digit of h?
6
Let k be 1/(4/120*6). Suppose 2*n + 1196 = 4*w - w, 1994 = k*w - 4*n. What is the tens digit of w?
9
Suppose 394064 + 1172583 = 158*j - 303757. What is the tens digit of j?
3
What is the thousands digit of (-25 + 27)/((-16)/(-54680))?
6
Let v = -59 - -56. Suppose 0 = -3*j - 0 + 6. What is the tens digit of 38 + 1*(v + j)?
3
Let y = -39 + 43. Suppose y*h - 12 + 96 = 0. What is the tens digit of (-12)/42 - 1476/h?
7
Let b(t) = -t**3 + 2*t**2 + 1034. Let i be b(0). Let q = i - -1551. Suppose 7*y - q = -4*y. What is the hundreds digit of y?
2
Let f = 16473 + -10177. What is the hundreds digit of f?
2
Suppose 5*x = 4*x - 2. Let b be (-20)/6*(45/(-6))/(-5). What is the tens digit of (-1 - x)*74/(b/(-5))?
7
Suppose -z + 5*x = -3*z - 562, 3*z - 5*x + 818 = 0. Let o = z + -320. What is the units digit of o/(-8)*(0 - -2)?
9
Let a(n) = -3*n**2 + 0*n - n - 1 + 6*n. Let k be a(7). Let o = -27 - k. What is the units digit of o?
6
Suppose h - 3*t - 225 = 0, -3*t - 1059 = -4*h - 114. Suppose -3*u + h = -84. Suppose 104 + u = 4*y. What is the tens digit of y?
5
Suppose -246692 = -10*u + 23148. What is the hundreds digit of u?
9
Let p be -52 + 4 + (1 - -2). Let h be 1 + 8/(24/p). What is the units digit of 6/((-4)/12 - h/36)?
8
Let p(b) be the third derivative of -1/120*b**6 + 1/6*b**5 + 0*b + 0 - 4/3*b**3 - 24*b**2 + 1/24*b**4. What is the units digit of p(10)?
2
Let d = -3073 - -13421. What is the thousands digit of d?
0
Let h(b) = 12*b - 18. Let z be -5 - 255/(-35) - (-4)/(-14). Let s be h(z). What is the tens digit of (s + 2)*(-423)/(-36)?
9
Let o = -1364 - -5063. What is the tens digit of o?
9
What is the units digit of 6 + 578361/9 - 10/(-15)?
9
Suppose -5*u = 5*p - 35756 - 409, -2*u + 7232 = p. What is the tens digit of p?
3
Let a = 42130 + 16857. What is the tens digit of a?
8
Suppose -i + k = -10596, 2*k = -4*i - 0*k + 42402. What is the thousands digit of i?
0
Let o(s) = -9*s + 1168. What is the tens digit of o(67)?
6
What is the tens digit of (-9)/6*(1530224/(-48) - 7)?
3
Let h(y) be the first derivative of -2*y**3 - 91*y**2/2 + 10*y - 54. What is the tens digit of h(-8)?
5
Let v(p) = -p**2 - 1. Let j be v(-1). Let r = j - -9. Suppose -2*o - 50 = -r*o. What is the tens digit of o?
1
Let p(g) = 42*g - 1909. What is the units digit of p(46)?
3
Let c(z) = -3*z**3 - z**2 - 3*z + 2. Let x be c(3). Let g = x + 55. Let w = g - -45. What is the units digit of w?
3
Let y(r) = -7*r + 56. Let m be y(13). What is the hundreds digit of (-12)/4 + (0 - m)*5?
1
Let a(r) = r**3 + 19*r**2 + 26*r + 42. Let j be a(-18). Let w = -66 - j. Let k = 37 - w. What is the units digit of k?
1
Let z(n) = n**3 + 4*n**2 + 7*n + 21. Let k be z(-3). Suppose -k*c = -8*c + 2*u - 189, 338 = 2*c - 4*u. What is the units digit of c?
9
What is the hundreds digit of 1136912/64 - 3*3/36?
7
Suppose -11*k = -8*k - 9. Suppose 0*u - k*u + 452 = -2*v, -3*u - 2*v + 472 = 0. Suppose -u - 206 = -5*n. What is the tens digit of n?
7
Suppose 7 = -c + 15. Suppose 116*u = 112*u + c. Suppose -2*o - u*d = -320, 2*o - 335 = -7*d + 2*d. What is the units digit of o?
5
What is the tens digit of (-2 - 24)*(-1965)/10?
0
Suppose -13*c + 964 = -15*c. Let u = c - -1174. What is the hundreds digit of u?
6
Suppose m - 5*s = 11659, 5*s = -m + 17160 - 5441. What is the ten thousands digit of m?
1
Suppose -5*h - 14 = 26. Let j(q) = 4*q**2 + 29*q + 2. Let a be j(h). Suppose 8 = 4*l, -w + 36 + a = l. What is the tens digit of w?
6
Let q be -4*(3 + 38*-9). Let z = -580 + q. What is the tens digit of z/2*(-4 - 36/(-8))?
9
What is the tens digit of -2*31*(-25 - (-33)/22)?
5
Let n = 4 - -11. Suppose -3*k - n = 0, 0 = 3*i + 2*k - 4*k - 79. What is the tens digit of i/4*-10*-2?
1
Let z(d) = -d**3 - 9*d**2 + 9*d - 6. Let k be z(-10). What is the units digit of (k/8)/((10/668)/5)?
7
Suppose -485325 = -2173*b + 2146*b. What is the thousands digit of b?
7
Suppose -20*d = -24*d + 8. Let i be (-3)/(30/(-2956)) - d/(-5). Suppose 0 = 3*u + 4*k - 634, -k + i = 2*u - 135. What is the units digit of u?
8
What is the hundreds digit of 22567 - (-2 + 54/6)?
5
Let p = 34 - 26. Suppose 3*a + p = 14. Suppose -z = a*h - 29, 3*h + z = -0*z + 44. What is the tens digit of h?
1
Let j = -718 + 723. Suppose -2462 = -j*a - 4*p, a + 3*p = 5*a - 1951. What is the tens digit of a?
9
What is the thousands digit of (-1702584)/(-208) - (-1)/(-2)?
8
Let w = 1 + 31. Let f = w - 24. Suppose 0 = -2*k - f, -3*z = 2*k - 7*k - 446. What is the tens digit of z?
4
Let f = 87222 - 57720. What is the thousands digit of f?
9
Suppose 13766400 = 238*t + 146*t. What is the thousands digit of t?
5
Let d be (-6)/(-4)*3808/6. Suppose 14*r - d = 7*r. What is the units digit of r?
6
Let z(n) = 0 + n**2 + 3 + 17*n + 9. Let s be z(-15). What is the tens digit of (-1857)/s + (-7)/42?
0
Let q be (45/(-2))/((-7)/(-154)). Let l = 986 + q. What is the units digit of l?
1
Suppose -4*b = 5*o - 15, 2*o + 0 = -3*b + 6. Suppose -2*v = 3*v - 3*j + 35, 4*j - 8 = -o*v. What is the tens digit of (-178 + 6/(-2))*(3 + v)?
8
Let n(g) = -4*g - 3. Let w be n(-2). Suppose 15 = -0*c + w*c. What is the tens digit of ((-78)/(-5))/(c*(-2)/(-30))?
7
Let k(s) = 1085*s + 2895. What is the hundreds digit of k(12)?
9
Let a = -3207 - -3309. What is the units digit of a?
2
Suppose -p = c - 1059, p + 4191 = 5*p - 5*c. Let j = 2168 - p. What is the hundreds digit of j?
1
Let j(y) be the second derivative of -y**5/20 - 11*y**4/6 - 13*y**3/3 - 26*y**2 + 193*y. Let m = -51 - -30. What is the units digit of j(m)?
3
Let l be 3/((-13)/195 - (-4)/10). What is the units digit of ((-12)/8)/(l/(-600))?
0
Let v(h) = h**2 + 8*h + 9. Let u(w) = w - 23. Let t = -46 + 57. Let n be u(t). What is the units digit of v(n)?
7
Suppose -3*r + 120 = r. Let d = 73 + r. Suppose 423 = q + 3*q + i, -3*i = q - d. What is the hundreds digit of q?
1
Let z = 205 - 49